 23
Suppose -19*j + 9 = -16*j. Let v be (2 - j)*(-6 + 1). Suppose 4*g - 5*d - v = 0, -g + d = 5*d - 17. List the prime factors of g.
5
Let y(u) = 3*u + 9. Let o be y(-2). Suppose 2*x - 223 = -f, x - o*f = 4*x - 336. What are the prime factors of x?
3, 37
Let f = 7906 - 3752. What are the prime factors of f?
2, 31, 67
Suppose -5561 = -2*w + p, -10*w + 12*w = -3*p + 5565. What are the prime factors of w?
3, 103
Suppose 5*k - 4*c = -4 - 36, 4*k + 21 = c. What are the prime factors of 6 - 3 - 228/k?
2, 3, 5
Suppose 0 = -2*n + 4*n + o - 22, 2*o + 36 = 4*n. Suppose -4*q - 2*i + n = -0*q, -i = -2*q + 11. What are the prime factors of q?
2
Let a(l) = -8*l + 41. List the prime factors of a(-14).
3, 17
Let x(i) = -i**2 + 2*i. Let k be x(2). Suppose -4*c - q + 687 = k, 5*c - 3*q - 885 = q. What are the prime factors of c?
173
Let d = 96 - 37. Let r = d - -2. What are the prime factors of (r - 6/2) + 1?
59
Suppose -5*d + 7*d + 746 = 3*o, -4*o = 3*d - 1006. What are the prime factors of o?
2, 5
Suppose b + 3*i - 276 = 0, 3*b - 389 - 465 = 4*i. List the prime factors of b.
2, 3, 47
Suppose -6 = 3*i, 2*i - 60 = -5*q + 161. What are the prime factors of q?
3, 5
Let h(b) = b**2 + b + 3. Suppose 9*q = 3*q. Suppose q = -a - 3*a. List the prime factors of h(a).
3
Let k(x) = -x**3 + 13*x**2 - 17*x + 6. Let d = 35 + -24. Let j be k(d). Suppose j = 3*g + f, -3*g + 0*f - 4*f + 73 = 0. List the prime factors of g.
19
Let q(h) = -4*h - 23. Let d be q(-11). Suppose 3*c - 2*n = -n + 16, 0 = c + 5*n - 32. Let y = d + c. What are the prime factors of y?
2, 7
Suppose -2*l + 1028 = 5*n, 6*n - 2*n - 1556 = -3*l. What are the prime factors of l?
2, 131
Let j(y) = 14*y - 11. Let f be -3*(64/6)/(-4). Let b be j(f). Suppose k + 0*k = -5*q + 115, -k - b = -4*q. What are the prime factors of q?
2, 3
Let h(m) = 7*m**3 - m**2 - 4*m - 2. Let p be h(-1). What are the prime factors of 347/(-3)*-2*p/(-4)?
347
Let m(c) = 193*c - 206. List the prime factors of m(5).
3, 11, 23
Suppose 5*i - 4*b + 6 = 0, 5*i + 3*b = b - 12. Let f = i + 65. Suppose -3*m + 60 = -f. What are the prime factors of m?
41
Let k be 7/2 - 1/(-2). Let c = k + 0. Suppose o = -1, j - 4*o + 83 = c*j. List the prime factors of j.
29
Let a(v) = 135*v - 10. Let h be a(-11). What are the prime factors of 2/(-9) + h/(-45)?
3, 11
Let s(w) = -w + 26. Suppose -4*d - 4*m = -12, 2*m - 3 = -1. Suppose 0*z - d*z = 0. What are the prime factors of s(z)?
2, 13
Suppose -a + 153 = -351. What are the prime factors of a?
2, 3, 7
Let a(h) = -h**3 - 4*h**2 + 5*h - 10. Let r be -2 - (-2)/((-2)/3). Let w be a(r). What are the prime factors of 74/6*(-30)/w?
37
Let o(v) = 151*v + 290. List the prime factors of o(7).
3, 449
Let q = 4 + 8. What are the prime factors of 9418/51 + 2*2/q?
5, 37
What are the prime factors of (-15)/((-90)/456)*(27 - 1)?
2, 13, 19
Let w = 483 + 13. What are the prime factors of w?
2, 31
Let f = 909 - 646. List the prime factors of f.
263
Let x(s) = s**2 + s + 24. Let g = -2 + 5. Suppose -4*z = -g*z. List the prime factors of x(z).
2, 3
Suppose -d - 151 = -3*o + 3*d, 0 = 4*o + 5*d - 160. Let f be (-3)/6 - 2/(-4). Suppose o = -f*y + 5*y. What are the prime factors of y?
3
Suppose -2*x + 2*h + 2*h = 6, -2*x - 2*h = -12. What are the prime factors of -2*(90/(-24))/(x/18)?
3, 5
Let d(f) = f + 14. Suppose s + 3*j + 1 = 0, j - 74 + 31 = 4*s. Let n be d(s). Suppose n - 37 = -3*k. What are the prime factors of k?
11
Let g = -271 + 156. Suppose -5*j + j - 318 = 5*f, 5*f + 3*j + 321 = 0. Let z = f - g. List the prime factors of z.
7
Let x be 2 + (2 - 1 - 3). Let a be (x - 4)*(-1239)/(-28). List the prime factors of 14/(-49) + a/(-7).
5
Suppose 55 = 2*i - 5*k, 4*i + 3*k - 63 = 2*i. Let p = 57 - i. What are the prime factors of p?
3
Let g(k) be the second derivative of -k**4/12 + k**3/3 - k**2/2 - k. Let o be g(3). List the prime factors of o/12 - 7/(-3).
2
Suppose 7797 = -4*u + 3*u. What are the prime factors of (-16)/(-72) - u/27?
17
Let q(a) = 2 + 1 + 2*a**2 + a**2 - 2. Let b be q(1). Let h = 5 + b. List the prime factors of h.
3
Let t(k) = -2*k - 4. Suppose -2*d + 3 = 9. Let b be t(d). Suppose 3*f + 29 = 2*h, -b*f = -0*h - 3*h + 51. What are the prime factors of h?
19
Suppose -w - 5 = -2*w. Suppose w*o - 104 = 7*o. Let y = -34 - o. What are the prime factors of y?
2, 3
Suppose 2*v = -2*u + 3226, 4*v - 7*v = -5*u - 4871. What are the prime factors of v?
3, 7, 11
Let x = 1037 + -581. What are the prime factors of x?
2, 3, 19
Let g = -8 + 1579. List the prime factors of g.
1571
Suppose -2*v + 2266 = 4*p, -5*v - 15*p = -10*p - 5645. List the prime factors of v.
3, 5
Let y(p) = p**3 + 24*p**2 + 53*p - 24. List the prime factors of y(-21).
2, 3, 31
Let c be 0/4 - (0 + 0). Suppose c*j - 5*j + 275 = 0. Suppose 4*v - 45 = j. What are the prime factors of v?
5
Suppose -3*w = -171 - 3468. List the prime factors of w.
1213
What are the prime factors of 1*(12961/39 - (-1)/(-3))?
2, 83
Let t be 2/(-4) - (0 - 66/12). Suppose 243 = 5*k + 5*y + 63, -t*k = -4*y - 153. List the prime factors of k.
3, 11
Suppose 2*z - 58*d - 5670 = -59*d, 3*z - 8506 = -2*d. List the prime factors of z.
2, 13, 109
Let y(t) = -2*t**2 - 9*t - 1. Let q be y(-4). Let b = q + 43. What are the prime factors of b?
2, 23
Let z be (29/(-4) - (-9)/12)*-2. Let x(q) = 4*q - 8. List the prime factors of x(z).
2, 11
Let w = 8 - 0. Suppose 28 = 2*t + 4*x, -2*t - w = -2*x - 42. What are the prime factors of t?
2
Let u(h) = -h - 6. Let g be u(7). Let s = 81 + g. What are the prime factors of s?
2, 17
Let x = 62 + -28. Suppose -2*y = -3*a - x, -5*a - 72 = -6*y + 2*y. What are the prime factors of y?
23
Let p(y) = -y**2 - 3*y + 7. Let f be p(-3). Let i = f + 79. What are the prime factors of i?
2, 43
Let z = -316 - -562. Let q = z + -81. Suppose u = -3*l - 0*u + 149, -3*l + q = -3*u. List the prime factors of l.
3, 17
Suppose 0 = 2*n - 4*z - 1958, 4 = -0*z + z. List the prime factors of n.
3, 7, 47
Suppose y - 4*y + 919 = -c, -3*y + 2*c + 920 = 0. Suppose 0 = -u - u + y. What are the prime factors of u?
3, 17
Let v = 49 + -142. Let f = v + 26. Let b = -33 - f. What are the prime factors of b?
2, 17
Let k(j) = 2*j**3 - 29*j**2 - 9*j - 26. What are the prime factors of k(16)?
2, 13, 23
Let g(y) = -164*y - 13. What are the prime factors of g(-4)?
643
Suppose 0 = 8*p - 10*p + 6. Suppose p*v = -v + 8. List the prime factors of (-268)/(-20) - v/5.
13
Let p = 73 + -39. Let v = p + 23. What are the prime factors of v?
3, 19
Let y(z) = -79*z**3 - 4*z**2 - 4*z - 3. List the prime factors of y(-2).
3, 23
What are the prime factors of ((-12208)/(-6))/4 + (-408)/(-306)?
2, 3, 5, 17
Suppose 0 = 7*v - 0. Suppose 0 = -o - s - 4*s + 184, -2*o - 5*s + 348 = v. What are the prime factors of o?
2, 41
Suppose -4*n + 16 + 0 = 0. What are the prime factors of 45 + (3 - (n - 3))?
47
Let t(v) be the third derivative of v**4/12 + 5*v**3/2 - 2*v**2. Let u be t(-8). What are the prime factors of u - 90/(2 - 5)?
29
Let h(k) = -k**2 - 19*k - 26. Let u be h(-15). Let t(x) = x**2 + 3*x + 3. Let q be t(-4). Let p = u + q. List the prime factors of p.
41
Suppose 25 = 9*o - 8*o - 2*r, 3*r + 85 = 4*o. Let p = -18 - -12. Let f = p + o. List the prime factors of f.
13
Let q(b) = 4*b**3 + 16*b**2 - 33*b - 7. Let h(p) = 3*p**3 + 17*p**2 - 32*p - 7. Let u(n) = 5*h(n) - 4*q(n). List the prime factors of u(19).
3, 61
List the prime factors of -262*(7 + (-34)/4).
3, 131
Let s = 19 - 11. Suppose 4*f + 4*g = s, -2*f - 10 = -3*g - 2*g. Suppose f = -d - 0*d + 23. What are the prime factors of d?
23
Let x = -3928 - -6567. What are the prime factors of x?
7, 13, 29
Let v(o) = 31*o - 4. Let a be v(-2). Let q(k) = -k**3 + 4*k**2 - 4*k + 5. Let d be q(5). Let w = d - a. List the prime factors of w.
2, 13
Suppose -14 = -6*g - 2. Suppose 159 = g*r - t - 89, -4*r - t + 496 = 0. List the prime factors of r.
2, 31
Suppose -15*q + 12*q = -18. Suppose 381 = q*h - 165. What are the prime factors of h?
7, 13
Let d(k) = k**2 - 10*k + 21. Let y be d(3). Let g be (3 - 3)/(1 - 3). Suppose y*t - 6*t + 258 = g. List the prime factors of t.
43
Let l = -203 - -605. List the prime factors of l.
2, 3, 67
Suppose 89 = 5*h - 16. Let q be (17 + 4)*90/h. Suppose -q = -2*l - 4*l. List the prime factors of l.
3, 5
Suppose 5*d - 33 - 57 = 0. What are the p